{"id":239,"date":"2023-10-09T16:19:38","date_gmt":"2023-10-09T16:19:38","guid":{"rendered":"https:\/\/ms-bauelemente-trier.de\/?page_id=239"},"modified":"2025-06-16T14:48:23","modified_gmt":"2025-06-16T14:48:23","slug":"home","status":"publish","type":"page","link":"https:\/\/ms-bauelemente-trier.de\/","title":{"rendered":"HOME"},"content":{"rendered":"<div class=\"\" style=\"\" >\n  \n    \n    <section class=\"u-clearfix u-section-2\" id=\"sec-a554\">\n      <div class=\"u-clearfix u-sheet u-valign-middle-lg u-valign-middle-md u-valign-middle-sm u-valign-middle-xl u-sheet-1\">\n        <div class=\"data-layout-selected u-clearfix u-expanded-width u-layout-wrap u-layout-wrap-1\">\n          <div class=\"u-layout\">\n            <div class=\"u-layout-row\">\n              <div class=\"u-container-style u-image u-layout-cell u-size-60 u-image-1\" data-image-width=\"1024\" data-image-height=\"671\" data-animation-name=\"customAnimationIn\" data-animation-duration=\"2000\" data-animation-delay=\"0\" style=\"background-image: url(&quot;https:\/\/ms-bauelemente-trier.de\/wp-content\/uploads\/2023\/10\/Lamellenpergola.jpg&quot;);\">\n                <div class=\"u-container-layout u-valign-bottom-md u-valign-bottom-sm u-valign-bottom-xs u-container-layout-1\">\n                  <div class=\"u-align-left-lg u-align-left-md u-align-left-xl u-container-style u-grey-70 u-group u-opacity u-opacity-75 undefined u-group-1\" data-animation-name=\"customAnimationIn\" data-animation-duration=\"2000\" data-animation-direction=\"X\" data-animation-delay=\"0\">\n                    <div class=\"u-container-layout u-valign-middle u-container-layout-2\">\n                      <p class=\"u-align-left u-text u-text-1\">PLANUNG - LIEFERUNG - MONTAGE<span style=\"font-weight: 700;\"><\/span>\n                      <\/p>\n                      <div class=\"u-align-left u-border-3 u-border-custom-color-2 u-line u-line-horizontal u-line-1\"><\/div>\n                      <p class=\"u-align-left u-text u-text-2\"> Wir\nliefern und montieren Ihren Traum direkt auf die Terrasse!<\/p>\n                    <\/div>\n                  <\/div>\n                <\/div>\n              <\/div>\n            <\/div>\n          <\/div>\n        <\/div>\n        <div class=\"u-expanded-width u-list u-list-1\">\n          <div class=\"u-repeater u-repeater-1\">\n            <div class=\"u-container-align-left-lg u-container-align-left-md u-container-align-left-sm u-container-align-left-xs u-container-style u-grey-10 u-list-item u-repeater-item u-list-item-1\" data-animation-name=\"customAnimationIn\" data-animation-duration=\"2000\" data-animation-direction=\"X\" data-animation-delay=\"0\">\n              <div class=\"u-container-layout u-similar-container u-valign-middle-xl u-valign-top-lg u-valign-top-md u-valign-top-sm u-valign-top-xs u-container-layout-3\">\n                <p class=\"u-align-left u-text u-text-3\">Pers\u00f6nliche&nbsp;<br>Beratung<br>\n                <\/p>\n                <div class=\"u-align-left u-border-3 u-border-palette-1-dark-1 u-line u-line-horizontal u-line-2\"><\/div>\n                <p class=\"u-align-left u-text u-text-default u-text-4\"> Wir beraten Sie direkt bei Ihnen zu Hause und finden die perfekte Produkt- und Montagel\u00f6sung f\u00fcr Ihre Anspr\u00fcche.<\/p>\n              <\/div>\n            <\/div>\n            <div class=\"u-container-align-left-lg u-container-align-left-md u-container-align-left-sm u-container-align-left-xs u-container-style u-grey-10 u-list-item u-repeater-item u-list-item-2\" data-animation-name=\"customAnimationIn\" data-animation-duration=\"2000\" data-animation-direction=\"X\" data-animation-delay=\"0\">\n              <div class=\"u-container-layout u-similar-container u-valign-middle-xl u-valign-top-lg u-valign-top-md u-valign-top-sm u-valign-top-xs u-container-layout-4\">\n                <p class=\"u-align-left u-text u-text-5\">Ma\u00dfgefertig&nbsp;&nbsp;<br>in Deutschland \n                <\/p>\n                <div class=\"u-align-left u-border-3 u-border-palette-1-dark-1 u-line u-line-horizontal u-line-3\"><\/div>\n                <p class=\"u-align-left u-text u-text-default u-text-6\"> Ihr Produkt wird auf Ma\u00df in deutschen Werken gefertigt.<\/p>\n              <\/div>\n            <\/div>\n            <div class=\"u-container-align-left-lg u-container-align-left-md u-container-align-left-sm u-container-align-left-xs u-container-style u-grey-10 u-list-item u-repeater-item u-list-item-3\" data-animation-name=\"customAnimationIn\" data-animation-duration=\"2000\" data-animation-direction=\"X\" data-animation-delay=\"0\">\n              <div class=\"u-container-layout u-similar-container u-valign-middle-xl u-valign-top-lg u-valign-top-md u-valign-top-sm u-valign-top-xs u-container-layout-5\">\n                <p class=\"u-align-left u-text u-text-7\">Fachgerechte&nbsp;<br>Montage<br>\n                <\/p>\n                <div class=\"u-align-left u-border-3 u-border-palette-1-dark-1 u-line u-line-horizontal u-line-4\"><\/div>\n                <p class=\"u-align-left u-text u-text-default u-text-8\"> Unsere hochqualifizierten Montage-Partner sorgen f\u00fcr den fachgerechten Einbau.<\/p>\n              <\/div>\n            <\/div>\n          <\/div>\n        <\/div>\n      <\/div>\n    <\/section>\n    <section class=\"u-clearfix u-section-3\" id=\"sec-418d\">\n      <div class=\"u-clearfix u-sheet u-valign-middle u-sheet-1\">\n        <div class=\"data-layout-selected u-clearfix u-expanded-width u-gutter-0 u-layout-wrap u-layout-wrap-1\">\n          <div class=\"u-gutter-0 u-layout\">\n            <div class=\"u-layout-row\">\n              <div class=\"u-container-style u-image u-layout-cell u-opacity u-opacity-65 u-size-20 u-image-1\" data-image-width=\"1971\" data-image-height=\"2817\" data-href=\"#\" style=\"background-image: url(&quot;https:\/\/ms-bauelemente-trier.de\/wp-content\/uploads\/2023\/10\/Fliegebgitter.png&quot;);\">\n                <div class=\"u-container-layout u-container-layout-1\">\n                  <img class=\"infinite u-align-left u-image u-image-contain u-image-default u-image-2\" src=\"https:\/\/ms-bauelemente-trier.de\/wp-content\/uploads\/2023\/10\/MS_Jetztneu2.png\" alt=\"\" data-image-width=\"548\" data-image-height=\"545\" data-animation-name=\"pulse\" data-animation-duration=\"1250\" data-animation-direction=\"\" data-animation-delay=\"500\">\n                <\/div>\n              <\/div>\n              <div class=\"u-container-align-left-lg u-container-align-left-sm u-container-align-left-xs u-container-style u-gradient u-layout-cell u-size-40 u-layout-cell-2\">\n                <div class=\"u-container-layout u-valign-bottom-xl u-valign-middle-lg u-valign-top-xs u-container-layout-2\">\n                  <h2 class=\"u-align-left u-text u-text-default-lg u-text-default-xl u-text-white u-text-1\">Fliegengitter in Perfektion <\/h2>\n                  <div class=\"u-align-left u-border-3 u-border-palette-3-light-1 u-line u-line-horizontal u-line-1\"><\/div>\n                  <h2 class=\"u-align-left u-text u-text-default u-text-white u-text-2\">f\u00fcr insektenfreie Zimmer<\/h2>\n                  <h2 class=\"u-align-left u-text u-text-default u-text-white u-text-3\">Ob T\u00fcr oder Fenster - wir haben das richtige Fliegengitter f\u00fcr Sie.<br>Konfiguriert, ma\u00dfgefertigt und montiert. \n                  <\/h2>\n                  <a href=\"https:\/\/ms-bauelemente-trier.de\/?page_id=240\" class=\"infinite u-active-grey-5 u-align-left u-border-none u-btn u-button-style u-hover-grey-30 u-palette-3-light-1 u-text-active-palette-1-dark-1 u-text-black u-text-hover-black u-btn-1\" data-animation-name=\"pulse\" data-animation-duration=\"1500\" data-animation-direction=\"\" data-animation-delay=\"500\">Zum Produkt<\/a>\n                <\/div>\n              <\/div>\n            <\/div>\n          <\/div>\n        <\/div>\n      <\/div>\n    <\/section>\n    <section class=\"u-align-center u-clearfix u-container-align-center u-white u-section-4\" id=\"sec-4e49\">\n      <div class=\"u-clearfix u-sheet u-valign-middle u-sheet-1\">\n        <div class=\"data-layout-selected u-clearfix u-expanded-width u-gutter-8 u-layout-wrap u-layout-wrap-1\">\n          <div class=\"u-layout\">\n            <div class=\"u-layout-col\">\n              <div class=\"u-size-30\">\n                <div class=\"u-layout-row\">\n                  <div class=\"u-container-style u-layout-cell u-size-30 u-white u-layout-cell-1\">\n                    <div class=\"u-container-layout u-valign-middle u-container-layout-1\">\n                      <h4 class=\"u-align-left u-text u-text-default u-text-palette-1-dark-1 u-text-1\">Genie\u00dfen Sie Spitzenqualit\u00e4t und umfassenden Service!<\/h4>\n                      <p class=\"u-text u-text-black u-text-default u-text-2\">Dank unserer langj\u00e4hrigen Erfahrung beraten wir Sie <span style=\"font-weight: 700;\">kompetent, fair und ehrlich<\/span>. Bei uns erhalten Sie<span style=\"font-weight: 700;\"> alles aus einer Hand<\/span>. Von der <span style=\"font-weight: 700;\">Beratung, Aufma\u00df vor Ort und der Montage<\/span>. In jedem Bauabschnitt stehen wir Ihnen durch unsere Partner zur Seite. \n                      <\/p>\n                    <\/div>\n                  <\/div>\n                  <div class=\"u-container-align-center u-container-style u-hover-feature u-image u-layout-cell u-size-30 u-image-1\" data-image-width=\"2560\" data-image-height=\"1707\" style=\"background-image: url(&quot;https:\/\/ms-bauelemente-trier.de\/wp-content\/uploads\/2023\/10\/Terrassenueberdachung.jpg&quot;);\">\n                    <div class=\"u-container-layout u-container-layout-2\"><\/div>\n                  <\/div>\n                <\/div>\n              <\/div>\n              <div class=\"u-size-30\">\n                <div class=\"u-layout-row\">\n                  <div class=\"u-container-align-center u-container-style u-image u-layout-cell u-size-30 u-image-2\" data-image-width=\"2560\" data-image-height=\"1707\" style=\"background-image: url(&quot;https:\/\/ms-bauelemente-trier.de\/wp-content\/uploads\/2023\/10\/Sommergarten.jpg&quot;);\">\n                    <div class=\"u-container-layout u-container-layout-3\"><\/div>\n                  <\/div>\n                  <div class=\"u-container-style u-layout-cell u-size-30 u-white u-layout-cell-4\">\n                    <div class=\"u-container-layout u-valign-middle u-container-layout-4\">\n                      <p class=\"u-text u-text-default u-text-3\"> Wir erstellen Ihnen die Punktfundamente, die\nStreifenfundamente und die Erstellung von Bodenplatten. Auf Wunsch, bekommen Sie\ndiese von uns gefliest.&nbsp;<br>Zudem \u00fcbernehmen wir auch, wenn erforderlich, die notwendigen\nAbdichtungsarbeiten. Alle anfallenden Nacharbeiten (z.b. anpassen vorhandener\nBodenplatten) werden auf Wunsch von uns erledigt.&nbsp; <span style=\"font-weight: 700;\">Sie k\u00fcmmern sich um nichts, daf\u00fcr machen wir den Rest!<\/span>\n                      <\/p>\n                      <h4 class=\"u-text u-text-default u-text-palette-1-dark-1 u-text-4\">Full-Service aus einer Hand<\/h4>\n                    <\/div>\n                  <\/div>\n                <\/div>\n              <\/div>\n            <\/div>\n          <\/div>\n        <\/div>\n      <\/div>\n      \n    <\/section>\n    <section class=\"u-clearfix u-section-5\" id=\"sec-c67d\">\n      <div class=\"u-clearfix u-sheet u-valign-middle-lg u-valign-middle-md u-valign-middle-xl u-sheet-1\">\n        <div class=\"u-expanded-width u-list u-list-1\">\n          <div class=\"u-repeater u-repeater-1\">\n            <div class=\"u-border-2 u-border-custom-color-2 u-container-style u-custom-item u-list-item u-repeater-item u-list-item-1\" data-animation-name=\"customAnimationIn\" data-animation-duration=\"1000\" data-animation-direction=\"X\">\n              <div class=\"u-container-layout u-similar-container u-valign-bottom-sm u-valign-bottom-xs u-container-layout-1\">\n                <h3 class=\"u-text u-text-black u-text-default-lg u-text-default-xl u-text-1\">Terrassen-<br>\u00fcberdachung \n                <\/h3>\n                <img alt=\"\" class=\"custom-expanded u-expanded-width-lg u-expanded-width-md u-expanded-width-sm u-expanded-width-xl u-image u-image-default u-image-1\" data-image-width=\"2560\" data-image-height=\"1707\" src=\"https:\/\/ms-bauelemente-trier.de\/wp-content\/uploads\/2023\/10\/Terrassenueberdachung-2.jpg\">\n                <p class=\"u-text u-text-2\"> Mit einer Terrassen\u00fcberdachung werten Sie Ihre Terrasse um ein Maximum auf.<br>\n                <\/p>\n                <a href=\"https:\/\/ms-bauelemente-trier.de\/?page_id=242\" class=\"u-active-grey-30 u-align-center-md u-align-center-sm u-align-left-xs u-border-none u-btn u-button-style u-hover-palette-3-light-1 u-text-active-black u-text-hover-black u-text-white u-btn-1\">ZUM PRODUKT<\/a>\n              <\/div>\n            <\/div>\n            <div class=\"u-border-2 u-border-custom-color-2 u-container-style u-custom-item u-list-item u-repeater-item u-list-item-2\" data-animation-name=\"customAnimationIn\" data-animation-duration=\"1000\" data-animation-direction=\"X\" data-animation-delay=\"500\">\n              <div class=\"u-container-layout u-similar-container u-valign-bottom-sm u-valign-bottom-xs u-container-layout-2\">\n                <h3 class=\"u-text u-text-black u-text-default-lg u-text-default-xl u-text-3\">Pergolas<br>\n                  <br>\n                <\/h3>\n                <img alt=\"\" class=\"custom-expanded u-expanded-width-lg u-expanded-width-md u-expanded-width-sm u-expanded-width-xl u-image u-image-default u-image-2\" data-image-width=\"1300\" data-image-height=\"742\" src=\"https:\/\/ms-bauelemente-trier.de\/wp-content\/uploads\/2023\/10\/Terrassenueberdachung-4.jpg\">\n                <p class=\"u-text u-text-4\"> Wenn es um die Fotogensten Terrassen\u00fcberdachung:&nbsp;<br>Lamellen- und Faltpergola<br>\n                <\/p>\n                <a href=\"https:\/\/ms-bauelemente-trier.de\/?page_id=244\" class=\"u-active-grey-30 u-align-center-md u-align-center-sm u-align-left-xs u-border-none u-btn u-button-style u-hover-palette-3-light-1 u-text-active-black u-text-hover-black u-text-white u-btn-2\">ZUM PRODUKT<\/a>\n              <\/div>\n            <\/div>\n            <div class=\"u-border-2 u-border-custom-color-2 u-container-style u-custom-item u-list-item u-repeater-item u-list-item-3\" data-animation-name=\"customAnimationIn\" data-animation-duration=\"1000\" data-animation-direction=\"X\" data-animation-delay=\"1000\">\n              <div class=\"u-container-layout u-similar-container u-valign-bottom-sm u-valign-bottom-xs u-container-layout-3\">\n                <h3 class=\"u-text u-text-black u-text-default-lg u-text-default-xl u-text-5\">Carports<br>\n                  <br>\n                <\/h3>\n                <img alt=\"\" class=\"custom-expanded u-expanded-width-lg u-expanded-width-md u-expanded-width-sm u-expanded-width-xl u-image u-image-default u-image-3\" data-image-width=\"2500\" data-image-height=\"1667\" src=\"https:\/\/ms-bauelemente-trier.de\/wp-content\/uploads\/2023\/10\/Flachdachcarport1.jpg\">\n                <p class=\"u-text u-text-6\"> Entscheiden Sie zwischen dem klassischen Pultdach-Carport oder einem Flachdachcarport.<\/p>\n                <a href=\"https:\/\/ms-bauelemente-trier.de\/?page_id=235\" class=\"u-active-grey-30 u-align-center-md u-align-center-sm u-align-left-xs u-border-none u-btn u-button-style u-hover-palette-3-light-1 u-text-active-black u-text-hover-black u-text-white u-btn-3\">ZUM PRODUKT<\/a>\n              <\/div>\n            <\/div>\n          <\/div>\n        <\/div>\n      <\/div>\n    <\/section>\n    <section class=\"u-clearfix u-section-6\" id=\"carousel_56df\">\n      <div class=\"u-clearfix u-sheet u-valign-middle u-sheet-1\">\n        <div class=\"u-expanded-width u-list u-list-1\">\n          <div class=\"u-repeater u-repeater-1\">\n            <div class=\"u-border-2 u-border-custom-color-2 u-container-style u-custom-item u-list-item u-repeater-item u-list-item-1\" data-animation-name=\"customAnimationIn\" data-animation-duration=\"1000\" data-animation-direction=\"X\">\n              <div class=\"u-container-layout u-similar-container u-valign-bottom-lg u-valign-bottom-md u-valign-bottom-sm u-valign-bottom-xs u-container-layout-1\">\n                <h3 class=\"u-text u-text-black u-text-default-lg u-text-default-xl u-text-1\">Sonnenschutz &amp;<br>Markisen \n                <\/h3>\n                <img alt=\"\" class=\"u-expanded-width u-image u-image-default u-image-1\" data-image-width=\"1450\" data-image-height=\"765\" src=\"https:\/\/ms-bauelemente-trier.de\/wp-content\/uploads\/2023\/10\/Terrassenueberdachung-3.jpg\">\n                <p class=\"u-text u-text-2\"> Halb- und Vollkassettenmarkisen garantieren eine hohe Langlebigkeit f\u00fcr Ihren Sonnenschutz<br>\n                <\/p>\n                <a href=\"https:\/\/ms-bauelemente-trier.de\/?page_id=236\" class=\"u-active-grey-30 u-align-center-md u-align-center-sm u-align-left-xs u-border-none u-btn u-button-style u-hover-palette-3-light-1 u-text-active-black u-text-hover-black u-text-white u-btn-1\">ZUM PRODUKT<\/a>\n              <\/div>\n            <\/div>\n            <div class=\"u-border-2 u-border-custom-color-2 u-container-style u-custom-item u-list-item u-repeater-item u-list-item-2\" data-animation-name=\"customAnimationIn\" data-animation-duration=\"1000\" data-animation-direction=\"X\" data-animation-delay=\"500\">\n              <div class=\"u-container-layout u-similar-container u-valign-bottom-lg u-valign-bottom-md u-valign-bottom-sm u-valign-bottom-xs u-container-layout-2\">\n                <h3 class=\"u-text u-text-black u-text-default-lg u-text-default-xl u-text-3\">Sommer- oder<br>Kaltwinterg\u00e4rten \n                <\/h3>\n                <img alt=\"\" class=\"u-expanded-width u-image u-image-default u-image-2\" data-image-width=\"1000\" data-image-height=\"750\" src=\"https:\/\/ms-bauelemente-trier.de\/wp-content\/uploads\/2023\/10\/Sommergrten.jpg\">\n                <p class=\"u-text u-text-4\"> Genie\u00dfen Sie Rundumdschutz bei jedem Wetter durch Seitenw\u00e4nde oder Glasschiebeanlagen.<br>\n                <\/p>\n                <a href=\"https:\/\/ms-bauelemente-trier.de\/?page_id=243\" class=\"u-active-grey-30 u-align-center-md u-align-center-sm u-align-left-xs u-border-none u-btn u-button-style u-hover-palette-3-light-1 u-text-active-black u-text-hover-black u-text-white u-btn-2\">ZUM PRODUKT<\/a>\n              <\/div>\n            <\/div>\n            <div class=\"u-border-2 u-border-custom-color-2 u-container-style u-custom-item u-list-item u-repeater-item u-list-item-3\" data-animation-name=\"customAnimationIn\" data-animation-duration=\"1000\" data-animation-direction=\"X\" data-animation-delay=\"1000\">\n              <div class=\"u-container-layout u-similar-container u-valign-bottom-lg u-valign-bottom-md u-valign-bottom-sm u-valign-bottom-xs u-container-layout-3\">\n                <h3 class=\"u-text u-text-black u-text-default-lg u-text-default-xl u-text-5\">Fliegengitter und<br>Insektenschutz \n                <\/h3>\n                <img alt=\"\" class=\"u-expanded-width u-image u-image-default u-image-3\" data-image-width=\"3937\" data-image-height=\"2624\" src=\"https:\/\/ms-bauelemente-trier.de\/wp-content\/uploads\/2023\/10\/Fliegengitter.jpg\">\n                <p class=\"u-text u-text-6\"> Insektenschutz ohne giftige Chemie vor M\u00fccken, Bremsen, Fliegen und anderen kleinen Krabbeltieren<\/p>\n                <a href=\"https:\/\/ms-bauelemente-trier.de\/?page_id=240\" class=\"u-active-grey-30 u-align-center-md u-align-center-sm u-align-left-xs u-border-none u-btn u-button-style u-hover-palette-3-light-1 u-text-active-black u-text-hover-black u-text-white u-btn-3\">ZUM PRODUKT<\/a>\n              <\/div>\n            <\/div>\n          <\/div>\n        <\/div>\n      <\/div>\n    <\/section>\n    <section class=\"u-clearfix u-container-align-center u-image u-section-7\" id=\"sec-e67f\" data-image-width=\"2473\" data-image-height=\"74\" style=\"background-image: url(&quot;https:\/\/ms-bauelemente-trier.de\/wp-content\/uploads\/2023\/10\/MSBauelementeStreifen.png&quot;);\">\n      <div class=\"u-clearfix u-sheet u-sheet-1\"><\/div>\n    <\/section>\n    \n    \n    \n    \n  \n<\/div>","protected":false},"excerpt":{"rendered":"<p>PLANUNG &#8211; LIEFERUNG &#8211; MONTAGE Wir liefern und montieren Ihren Traum direkt auf die Terrasse! Pers\u00f6nliche&nbsp;Beratung Wir beraten Sie direkt bei Ihnen zu Hause und finden die perfekte Produkt- und Montagel\u00f6sung f\u00fcr Ihre Anspr\u00fcche. Ma\u00dfgefertig&nbsp;&nbsp;in Deutschland Ihr Produkt wird auf Ma\u00df in deutschen Werken gefertigt. Fachgerechte&nbsp;Montage Unsere hochqualifizierten Montage-Partner sorgen f\u00fcr den fachgerechten Einbau. Fliegengitter&hellip; <a class=\"more-link\" href=\"https:\/\/ms-bauelemente-trier.de\/\"><span class=\"screen-reader-text\">HOME<\/span> weiterlesen<\/a><\/p>\n","protected":false},"author":1,"featured_media":0,"parent":0,"menu_order":6,"comment_status":"closed","ping_status":"closed","template":"","meta":{"footnotes":""},"_links":{"self":[{"href":"https:\/\/ms-bauelemente-trier.de\/index.php?rest_route=\/wp\/v2\/pages\/239"}],"collection":[{"href":"https:\/\/ms-bauelemente-trier.de\/index.php?rest_route=\/wp\/v2\/pages"}],"about":[{"href":"https:\/\/ms-bauelemente-trier.de\/index.php?rest_route=\/wp\/v2\/types\/page"}],"author":[{"embeddable":true,"href":"https:\/\/ms-bauelemente-trier.de\/index.php?rest_route=\/wp\/v2\/users\/1"}],"replies":[{"embeddable":true,"href":"https:\/\/ms-bauelemente-trier.de\/index.php?rest_route=%2Fwp%2Fv2%2Fcomments&post=239"}],"version-history":[{"count":3,"href":"https:\/\/ms-bauelemente-trier.de\/index.php?rest_route=\/wp\/v2\/pages\/239\/revisions"}],"predecessor-version":[{"id":418,"href":"https:\/\/ms-bauelemente-trier.de\/index.php?rest_route=\/wp\/v2\/pages\/239\/revisions\/418"}],"wp:attachment":[{"href":"https:\/\/ms-bauelemente-trier.de\/index.php?rest_route=%2Fwp%2Fv2%2Fmedia&parent=239"}],"curies":[{"name":"wp","href":"https:\/\/api.w.org\/{rel}","templated":true}]}}